 443017545.
3, 5, 1033, 28591
List the prime factors of 528930314.
2, 11, 24042287
List the prime factors of 229524167.
139, 317, 5209
List the prime factors of 550208661.
3, 183402887
List the prime factors of 7286512.
2, 455407
List the prime factors of 1870738037.
7, 41, 1879, 3469
List the prime factors of 27398387.
27398387
What are the prime factors of 200322806?
2, 31, 193, 16741
List the prime factors of 48008822.
2, 2213, 10847
List the prime factors of 59824558.
2, 1153, 25943
What are the prime factors of 101546373?
3, 1543, 21937
List the prime factors of 2587053510.
2, 3, 5, 1993, 14423
What are the prime factors of 851562137?
851562137
List the prime factors of 16907612.
2, 4226903
What are the prime factors of 123680307?
3, 37, 461, 2417
List the prime factors of 792188034.
2, 3, 11, 23, 67, 7789
What are the prime factors of 101837999?
107, 163, 5839
List the prime factors of 2726550401.
2726550401
List the prime factors of 839777331.
3, 29, 1279, 7547
What are the prime factors of 1892985546?
2, 3, 127, 2484233
What are the prime factors of 417406597?
7537, 55381
What are the prime factors of 91074009?
3, 13, 2335231
List the prime factors of 137800819.
13, 97, 109279
What are the prime factors of 18625178?
2, 11, 13, 65123
What are the prime factors of 242633372?
2, 29, 2091667
List the prime factors of 7059580714.
2, 3529790357
What are the prime factors of 2035553836?
2, 508888459
List the prime factors of 160506327.
3, 193, 277213
What are the prime factors of 61255163?
29, 31, 61, 1117
What are the prime factors of 5480855?
5, 29, 37799
What are the prime factors of 124691254?
2, 62345627
List the prime factors of 177374359.
177374359
What are the prime factors of 39933281?
283, 141107
What are the prime factors of 113027709?
3, 491, 76733
List the prime factors of 1399891.
401, 3491
List the prime factors of 1111490845.
5, 5821, 38189
List the prime factors of 290680452.
2, 3, 73, 110609
List the prime factors of 1081218352.
2, 113, 569, 1051
What are the prime factors of 1551680625?
3, 5, 11, 23, 3271
What are the prime factors of 2487289?
7, 23, 2207
List the prime factors of 923464.
2, 89, 1297
What are the prime factors of 18986687?
101, 187987
What are the prime factors of 926680703?
13, 29, 2458039
List the prime factors of 330768552.
2, 3, 71, 194113
List the prime factors of 2108948713.
71, 29703503
What are the prime factors of 3058201704?
2, 3, 127425071
What are the prime factors of 61725897?
3, 6858433
List the prime factors of 12503602.
2, 17, 31, 11863
What are the prime factors of 1351909152?
2, 3, 11, 426739
List the prime factors of 74935016.
2, 13, 307, 2347
List the prime factors of 1867792046.
2, 25453, 36691
What are the prime factors of 90711563?
23, 199, 19819
List the prime factors of 1200118143.
3, 7, 8164069
What are the prime factors of 23028403?
23028403
List the prime factors of 14152385.
5, 13, 239, 911
List the prime factors of 58519799.
13, 59, 5869
List the prime factors of 114431796.
2, 3, 29, 109609
What are the prime factors of 76602169?
7, 263, 41609
List the prime factors of 3008099.
17, 19, 67, 139
List the prime factors of 98454935.
5, 79, 249253
List the prime factors of 12014065.
5, 7, 49037
What are the prime factors of 2029532715?
3, 5, 7, 131489
What are the prime factors of 1528841835?
3, 5, 823, 41281
List the prime factors of 1246211640.
2, 3, 5, 3461699
List the prime factors of 2185497696.
2, 3, 17, 1339153
List the prime factors of 245887465.
5, 479, 102667
What are the prime factors of 687653889?
3, 13, 17632151
List the prime factors of 7169727970.
2, 5, 716972797
List the prime factors of 6189164234.
2, 11, 19, 14806613
What are the prime factors of 424942613?
577, 736469
What are the prime factors of 140275370?
2, 5, 109, 128693
What are the prime factors of 103082921?
167, 499, 1237
List the prime factors of 32248117.
11, 2931647
List the prime factors of 481641827.
23, 1511, 13859
What are the prime factors of 86059456?
2, 7, 192097
What are the prime factors of 164623209?
3, 421, 130343
What are the prime factors of 55760315?
5, 13, 857851
What are the prime factors of 6547148?
2, 1636787
What are the prime factors of 204069729?
3, 1627, 41809
List the prime factors of 925350041.
7, 11, 59, 18517
List the prime factors of 1128193488.
2, 3, 2611559
List the prime factors of 87600326.
2, 11, 3981833
List the prime factors of 47492170.
2, 5, 11, 97, 4451
What are the prime factors of 1977185809?
19, 29, 188861
List the prime factors of 72601514.
2, 36300757
List the prime factors of 86424501.
3, 23, 139, 9011
What are the prime factors of 80641351?
7, 137, 84089
List the prime factors of 274459235.
5, 239, 241, 953
List the prime factors of 91425889.
91425889
What are the prime factors of 68562227?
419, 163633
What are the prime factors of 5432013482?
2, 7, 7918387
List the prime factors of 435609536.
2, 47, 144817
List the prime factors of 52699002.
2, 3, 8783167
What are the prime factors of 89016465?
3, 5, 89, 131, 509
List the prime factors of 436627851.
3, 11, 13231147
What are the prime factors of 302408032?
2, 163, 57977
What are the prime factors of 24855561?
3, 2761729
List the prime factors of 516972738.
2, 3, 86162123
What are the prime factors of 213705974?
2, 269, 397223
List the prime factors of 3576867669.
3, 521, 762821
What are the prime factors of 294879863?
53, 5563771
What are the prime factors of 484029523?
37, 83, 277, 569
What are the prime factors of 752332?
2, 7, 97, 277
What are the prime factors of 164152727?
113, 1031, 1409
What are the prime factors of 1135986577?
11, 53, 1948519
List the prime factors of 21087171.
3, 7, 334717
List the prime factors of 2714203683.
3, 301578187
What are the prime factors of 135227313?
3, 13, 19, 751
What are the prime factors of 824932140?
2, 3, 5, 17, 67, 12071
What are the prime factors of 285279250?
2, 5, 37, 30841
What are the prime factors of 731164579?
113, 131, 49393
What are the prime factors of 99978116?
2, 7, 3570647
List the prime factors of 1106171003.
7, 53, 379, 7867
What are the prime factors of 2481088447?
9091, 272917
What are the prime factors of 293103528?
2, 3, 17, 718391
What are the prime factors of 397821113?
47, 2069, 4091
What are the prime factors of 10771116?
2, 3, 897593
What are the prime factors of 246653900?
2, 5, 2466539
List the prime factors of 54303703.
54303703
What are the prime factors of 326531872?
2, 19, 41, 13099
List the prime factors of 5554227904.
2, 59, 107, 233
List the prime factors of 472350259.
472350259
List the prime factors of 18806070.
2, 3, 5, 421, 1489
List the prime factors of 390527608.
2, 59, 827389
List the prime factors of 920908855.
5, 43, 4283297
What are the prime factors of 9843279?
3, 3281093
What are the prime factors of 161472087?
3, 7, 29, 31, 2851
What are the prime factors of 74894421?
3, 7, 71, 50231
What are the prime factors of 201010684?
2, 7, 7178953
What are the prime factors of 881273885?
5, 41, 73, 58889
What are the prime factors of 178002413?
43, 4139591
List the prime factors of 18582966.
2, 3, 43, 53, 151
What are the prime factors of 104707602?
2, 3, 2113, 2753
What are the prime factors of 1151438067?
3, 13, 17, 44531
What are the prime factors of 3503074049?
37, 94677677
What are the prime factors of 29204240?
2, 5, 13, 28081
List the prime factors of 81910097.
17, 4818241
What are the prime factors of 351114316?
2, 7, 12539797
List the prime factors of 2145083515.
5, 2503, 171401
What are the prime factors of 1014492958?
2, 507246479
List the prime factors of 674866054.
2, 19, 97, 183089
List the prime factors of 824633529.
3, 197, 1395319
What are the prime factors of 45521522?
2, 157, 144973
List the prime factors of 499655565.
3, 5, 23, 482759
List the prime factors of 4605149322.
2, 3, 6311, 13513
List the prime factors of 5241297318.
2, 3, 11261, 77573
What are the prime factors of 8995131?
3, 457
What are the prime factors of 1649618504?
2, 3011, 68483
What are the prime factors of 750654209?
157, 4781237
List the prime factors of 809156549.
563, 1437223
List the prime factors of 8741727794.
2, 17, 257109641
What are the prime factors of 188247706?
2, 19, 97, 51071
What are the prime factors of 171681976?
2, 4